{"id":35327,"date":"2015-06-02T01:38:06","date_gmt":"2015-06-01T23:38:06","guid":{"rendered":"http:\/\/www.rapportoconfidenziale.org\/?page_id=35327"},"modified":"2018-05-25T11:35:37","modified_gmt":"2018-05-25T09:35:37","slug":"cookie-policy","status":"publish","type":"page","link":"https:\/\/www.rapportoconfidenziale.org\/?page_id=35327","title":{"rendered":"Cookie policy"},"content":{"rendered":"<p><strong>Informativa estesa sull\u2019uso dei Cookie \u2013 Policy<\/strong><\/p>\n<p><strong>1. COSA SONO I COOKIE<\/strong><\/p>\n<p>I cookie sono piccoli file di testo che i siti visitati dall&#8217;utente inviano direttamente al suo terminale (solitamente al browser), dove vengono memorizzati per essere poi ritrasmessi agli stessi siti alla successiva visita del medesimo utente (cookie propri di prima parte). Nel corso della navigazione su un sito, l&#8217;utente pu\u00f2 ricevere sul suo terminale anche cookie di siti o di web server diversi (cookie di terze parti); ci\u00f2 accade perch\u00e9 sul sito web visitato possono essere presenti elementi come, ad esempio, immagini, mappe, suoni, specifici link a pagine web di altri domini che risiedono su server diversi da quello sul quale si trova la pagina richiesta. In altre parole, sono quei cookie che vengono impostati da un sito web diverso da quello che si sta attualmente visitando.<\/p>\n<p>I cookie possono avere una durata limitata ad una singola sessione di navigazione sul browser (cookie di sessione), ed in tal caso si disattivano automaticamente al momento della chiusura del browser da parte dell&#8217;utente; oppure possono avere una scadenza predeterminata ed, in tal caso, rimarranno memorizzati ed attivi nel tuo hard disk fino a tale data di scadenza, continuando a raccogliere informazioni nel corso di differenti sessioni di navigazione sul browser (cookie persistenti).<\/p>\n<p>I cookie sono utilizzati per diverse funzioni. Alcuni sono necessari per consentirti di navigare sul sito e usufruire delle sue funzionalit\u00e0 (cookie tecnici). Altri sono utilizzati per ottenere informazioni statistiche, in forma aggregata o non, sul numero degli utenti che accedono al Sito e su come il Sito viene utilizzato (cookie di analytics). Altri, infine, sono utilizzati per tracciare un tuo profilo di consumatore e farti visualizzare annunci pubblicitari sul Sito che possano essere per te interessanti, in quanto coerenti con i tuoi gusti e le tue abitudini di consumo (cookie di profilazione).<\/p>\n<p><strong>2. I COOKIES PRESENTI SU QUESTO SITO<\/strong><\/p>\n<p><strong>I. Cookie tecnici (persistenti e di sessione)<\/strong><br \/>\nVengono cancellati alla chiusura del browser e consentono al sito web di identificare lo stato dell&#8217;utente. Non permettono il monitoraggio dell&#8217;utente a lungo termine. Questa tipologia di cookie permette il corretto funzionamento di alcune sezioni del sito. Sono di due categorie: persistenti e di sessione. <strong><em>Persistenti<\/em><\/strong>: una volta chiuso il browser non vengono distrutti ma rimangono fino ad una data di scadenza preimpostata. <em><strong>Di sessione<\/strong><\/em>: vengono eliminati ogni volta che il browser di navigazione viene chiuso.<br \/>\nQuesti cookie, inviati sempre dal nostro dominio, sono necessari a visualizzare correttamente il sito e in relazione ai servizi tecnici offerti, verranno quindi sempre utilizzati e inviati, a meno che l\u2019utenza non modifichi le impostazioni nel proprio browser.<\/p>\n<p><strong>II. Cookie di terze parti<\/strong><br \/>\n<strong><em>Analisi di servizi di terze parti<\/em><\/strong>. Questi cookie sono utilizzati al fine di raccogliere informazioni sull\u2019uso del sito da parte degli utenti in forma anonima quali: pagine visitate, tempo di permanenza, origini del traffico di provenienza, provenienza geografica, et\u00e0, genere e interessi ai fini di campagne di marketing. Questi cookie sono inviati da domini di terze parti esterni al Sito.<br \/>\n<em><strong>Cookie per integrare prodotti e funzioni di software di terze parti<\/strong><\/em>. Questa tipologia di cookie integra funzionalit\u00e0 sviluppate da terzi all\u2019interno delle pagine del sito come le icone e le preferenze espresse nei social network al fine di condivisione dei contenuti del sito o per l\u2019uso di servizi software di terze parti (come i software per generare le mappe e ulteriori software che offrono servizi aggiuntivi). Questi cookie sono inviati da domini di terze parti e da siti partner che offrono le loro funzionalit\u00e0 tra le pagine del sito.<\/p>\n<p><strong>III. Google Analytics<\/strong><br \/>\nQuesto sito utilizza Google Analytics. Si tratta di un servizio di analisi web fornito da Google Inc. (\u201cGoogle\u201d) che utilizza dei cookie che vengono depositati sul computer dell\u2019utente per consentire analisi statistiche in forma aggregata in ordine all\u2019utilizzo del sito web visitato.\u00a0I Dati generati da Google Analytics sono conservati da Google cos\u00ec come indicato nella Informativa reperibile al <a href=\"https:\/\/developers.google.com\/analytics\/devguides\/collection\/analyticsjs\/cookie-usage\" target=\"_blank\">seguente link<\/a>.\u00a0Per consultare l\u2019informativa privacy della societ\u00e0 Google Inc., titolare autonomo del trattamento dei dati relativi al servizio Google Analytics, visita <a href=\"http:\/\/www.google.com\/intl\/en\/analytics\/privacyoverview.html\" target=\"_blank\">questo sito<\/a>.\u00a0Su questo sito \u00e8 attivata la funzione di anonimizzazione IP fornita da Google.<\/p>\n<p><strong>IV. Questo sito non utilizza cookie di profilazione<\/strong><br \/>\nIl presente sito, secondo la normativa vigente, non \u00e8 tenuto a chiedere consenso per i cookie tecnici e di analytics, in quanto necessari a fornire i servizi richiesti.<\/p>\n<p>Per tutte le altre tipologie di cookie il consenso pu\u00f2 essere espresso dall\u2019utente con una o pi\u00f9 di una delle seguenti modalit\u00e0:<br \/>\n&#8211; Mediante specifiche configurazioni del browser utilizzato o dei relativi programmi informatici utilizzati per navigare le pagine che compongono il sito;<br \/>\n&#8211; Mediante modifica delle impostazioni nell\u2019uso dei servizi di terze parti.<br \/>\nEntrambe queste soluzioni potrebbero impedire all\u2019utente di utilizzare o visualizzare parti del Sito.<\/p>\n<p><strong>3. COME GESTIRE I COOKIE ED OPPORTI AL LORO UTILIZZO<\/strong><\/p>\n<p><strong>i. Modifica delle impostazioni del browser<\/strong><br \/>\n\u00c8 possibile rimuovere i cookie esistenti e bloccare l&#8217;installazione di nuovi cookie anche mediante le impostazioni del browser. Se gli utenti\/visitatori vogliono decidere di volta in volta se accettare o meno i cookie, possono anche configurare il proprio browser affinch\u00e9 generi un avviso ogni volta che viene salvato un cookie. I browser pi\u00f9 diffusi prevedono la possibilit\u00e0 di bloccare esclusivamente i cookies di terze parti, accettando solo quelli propri del sito. La procedura per la gestione dei cookie \u00e8 diversa per ciascun browser. Si riportano di seguito le istruzioni per i browser pi\u00f9 diffusi:<\/p>\n<ul>\n<li><a href=\"https:\/\/support.google.com\/accounts\/answer\/61416?hl=en\" target=\"_blank\">Google Chrome<\/a><\/li>\n<li><a href=\"https:\/\/support.mozilla.org\/en-US\/kb\/enable-and-disable-cookies-website-preferences\" target=\"_blank\">Mozilla Firefox<\/a><\/li>\n<li><a href=\"http:\/\/windows.microsoft.com\/it-it\/windows-vista\/block-or-allow-cookies\" target=\"_blank\">Microsoft Internet Explorer<\/a><\/li>\n<li><a href=\"http:\/\/support.apple.com\/kb\/PH17191?viewlocale=it_IT&amp;locale=it_IT\" target=\"_blank\">Apple Safari 6<\/a><\/li>\n<li><a href=\"https:\/\/support.apple.com\/it-it\/HT201265\" target=\"_blank\">Apple Safari iOS (iPhone, iPad o iPod touch)<\/a><\/li>\n<li><a href=\"http:\/\/help.opera.com\/Windows\/10.00\/it\/cookies.html\" target=\"_blank\">Opera<\/a><\/li>\n<\/ul>\n<p><strong>ii. Disabilitare e gestire i cookie delle\u00a0terze parti<\/strong><br \/>\nPer disabilitare i cookie di terze parti, consulta le informative privacy dei terzi che installano cookie analytics o cookie di profilazione per conoscere gli altri strumenti a tua disposizione per gestire, disabilitare e cancellare i cookie, e pi\u00f9 in generale per opporti al loro utilizzo.<\/p>\n<ul>\n<li><a href=\"http:\/\/www.google.com\/ads\/preferences\/?hl=it\" target=\"_blank\">Servizi di Google<\/a><\/li>\n<li><a href=\"https:\/\/www.facebook.com\/help\/cookies?ref_type=sitefooter\" target=\"_blank\">Facebook<\/a><\/li>\n<li><a href=\"https:\/\/support.twitter.com\/articles\/20170519-uso-dei-cookie-e-di-altre-tecnologie-simili-da-parte-di-twitter\" target=\"_blank\">Twitter<\/a><\/li>\n<\/ul>\n<p><strong>iii. Gestione delle informazioni relative alla pubblicit\u00e0 comportamentale basata su cookie di profilazione<\/strong><br \/>\n<a href=\"http:\/\/www.youronlinechoices.eu\/it\" target=\"_blank\">Your Online Choices<\/a> \u00e8 un sito Internet gestito dall&#8217;associazione non-profit European Interactive Digital Advertising Alliance (EDAA)\u00a0che fornisce informazioni sulla pubblicit\u00e0 comportamentale basata sui cookie di profilazione e consente agli utenti di Internet di opporsi facilmente all&#8217;installazione dei principali, e pi\u00f9 comunemente utilizzati, cookie di profilazione installati dagli operatori pubblicitari.<\/p>\n","protected":false},"excerpt":{"rendered":"<p>Informativa estesa sull\u2019uso dei Cookie \u2013 Policy 1. COSA SONO I COOKIE I cookie sono piccoli file di testo che i siti visitati dall&#8217;utente inviano direttamente al suo terminale (solitamente al browser), dove vengono memorizzati per essere poi ritrasmessi agli stessi siti alla successiva visita del medesimo utente (cookie propri di prima parte). Nel corso della navigazione su un sito,<\/p>\n","protected":false},"author":5,"featured_media":0,"parent":0,"menu_order":5,"comment_status":"closed","ping_status":"closed","template":"","meta":{"footnotes":""},"class_list":["post-35327","page","type-page","status-publish","hentry"],"yoast_head":"<!-- This site is optimized with the Yoast SEO plugin v27.4 - https:\/\/yoast.com\/product\/yoast-seo-wordpress\/ -->\n<title>Cookie policy<\/title>\n<meta name=\"robots\" content=\"index, follow, max-snippet:-1, max-image-preview:large, max-video-preview:-1\" \/>\n<link rel=\"canonical\" href=\"https:\/\/www.rapportoconfidenziale.org\/?page_id=35327\" \/>\n<meta property=\"og:locale\" content=\"it_IT\" \/>\n<meta property=\"og:type\" content=\"article\" \/>\n<meta property=\"og:title\" content=\"Cookie policy\" \/>\n<meta property=\"og:description\" content=\"Informativa estesa sull\u2019uso dei Cookie \u2013 Policy 1. COSA SONO I COOKIE I cookie sono piccoli file di testo che i siti visitati dall&#8217;utente inviano direttamente al suo terminale (solitamente al browser), dove vengono memorizzati per essere poi ritrasmessi agli stessi siti alla successiva visita del medesimo utente (cookie propri di prima parte). Nel corso della navigazione su un sito,\" \/>\n<meta property=\"og:url\" content=\"https:\/\/www.rapportoconfidenziale.org\/?page_id=35327\" \/>\n<meta property=\"og:site_name\" content=\"Rapporto Confidenziale\" \/>\n<meta property=\"article:publisher\" content=\"https:\/\/www.facebook.com\/rapportoconfidenziale\" \/>\n<meta property=\"article:modified_time\" content=\"2018-05-25T09:35:37+00:00\" \/>\n<meta name=\"twitter:card\" content=\"summary_large_image\" \/>\n<meta name=\"twitter:site\" content=\"@RConfidenziale\" \/>\n<meta name=\"twitter:label1\" content=\"Tempo di lettura stimato\" \/>\n\t<meta name=\"twitter:data1\" content=\"5 minuti\" \/>\n<script type=\"application\/ld+json\" class=\"yoast-schema-graph\">{\"@context\":\"https:\\\/\\\/schema.org\",\"@graph\":[{\"@type\":\"WebPage\",\"@id\":\"https:\\\/\\\/www.rapportoconfidenziale.org\\\/?page_id=35327\",\"url\":\"https:\\\/\\\/www.rapportoconfidenziale.org\\\/?page_id=35327\",\"name\":\"Cookie policy\",\"isPartOf\":{\"@id\":\"https:\\\/\\\/www.rapportoconfidenziale.org\\\/#website\"},\"datePublished\":\"2015-06-01T23:38:06+00:00\",\"dateModified\":\"2018-05-25T09:35:37+00:00\",\"breadcrumb\":{\"@id\":\"https:\\\/\\\/www.rapportoconfidenziale.org\\\/?page_id=35327#breadcrumb\"},\"inLanguage\":\"it-IT\",\"potentialAction\":[{\"@type\":\"ReadAction\",\"target\":[\"https:\\\/\\\/www.rapportoconfidenziale.org\\\/?page_id=35327\"]}]},{\"@type\":\"BreadcrumbList\",\"@id\":\"https:\\\/\\\/www.rapportoconfidenziale.org\\\/?page_id=35327#breadcrumb\",\"itemListElement\":[{\"@type\":\"ListItem\",\"position\":1,\"name\":\"Home\",\"item\":\"https:\\\/\\\/www.rapportoconfidenziale.org\\\/\"},{\"@type\":\"ListItem\",\"position\":2,\"name\":\"Cookie policy\"}]},{\"@type\":\"WebSite\",\"@id\":\"https:\\\/\\\/www.rapportoconfidenziale.org\\\/#website\",\"url\":\"https:\\\/\\\/www.rapportoconfidenziale.org\\\/\",\"name\":\"Rapporto Confidenziale\",\"description\":\"rivista digitale di cultura cinematografica | digital magazine about cinematic culture\",\"publisher\":{\"@id\":\"https:\\\/\\\/www.rapportoconfidenziale.org\\\/#organization\"},\"potentialAction\":[{\"@type\":\"SearchAction\",\"target\":{\"@type\":\"EntryPoint\",\"urlTemplate\":\"https:\\\/\\\/www.rapportoconfidenziale.org\\\/?s={search_term_string}\"},\"query-input\":{\"@type\":\"PropertyValueSpecification\",\"valueRequired\":true,\"valueName\":\"search_term_string\"}}],\"inLanguage\":\"it-IT\"},{\"@type\":\"Organization\",\"@id\":\"https:\\\/\\\/www.rapportoconfidenziale.org\\\/#organization\",\"name\":\"Rapporto Confidenziale\",\"url\":\"https:\\\/\\\/www.rapportoconfidenziale.org\\\/\",\"logo\":{\"@type\":\"ImageObject\",\"inLanguage\":\"it-IT\",\"@id\":\"https:\\\/\\\/www.rapportoconfidenziale.org\\\/#\\\/schema\\\/logo\\\/image\\\/\",\"url\":\"https:\\\/\\\/www.rapportoconfidenziale.org\\\/wp-content\\\/uploads\\\/2017\\\/09\\\/RC_logo_1_nero.png\",\"contentUrl\":\"https:\\\/\\\/www.rapportoconfidenziale.org\\\/wp-content\\\/uploads\\\/2017\\\/09\\\/RC_logo_1_nero.png\",\"width\":3508,\"height\":709,\"caption\":\"Rapporto Confidenziale\"},\"image\":{\"@id\":\"https:\\\/\\\/www.rapportoconfidenziale.org\\\/#\\\/schema\\\/logo\\\/image\\\/\"},\"sameAs\":[\"https:\\\/\\\/www.facebook.com\\\/rapportoconfidenziale\",\"https:\\\/\\\/x.com\\\/RConfidenziale\",\"https:\\\/\\\/www.instagram.com\\\/icdpavlov\\\/\",\"https:\\\/\\\/www.youtube.com\\\/user\\\/RConfidenziale\"]}]}<\/script>\n<!-- \/ Yoast SEO plugin. -->","yoast_head_json":{"title":"Cookie policy","robots":{"index":"index","follow":"follow","max-snippet":"max-snippet:-1","max-image-preview":"max-image-preview:large","max-video-preview":"max-video-preview:-1"},"canonical":"https:\/\/www.rapportoconfidenziale.org\/?page_id=35327","og_locale":"it_IT","og_type":"article","og_title":"Cookie policy","og_description":"Informativa estesa sull\u2019uso dei Cookie \u2013 Policy 1. COSA SONO I COOKIE I cookie sono piccoli file di testo che i siti visitati dall&#8217;utente inviano direttamente al suo terminale (solitamente al browser), dove vengono memorizzati per essere poi ritrasmessi agli stessi siti alla successiva visita del medesimo utente (cookie propri di prima parte). Nel corso della navigazione su un sito,","og_url":"https:\/\/www.rapportoconfidenziale.org\/?page_id=35327","og_site_name":"Rapporto Confidenziale","article_publisher":"https:\/\/www.facebook.com\/rapportoconfidenziale","article_modified_time":"2018-05-25T09:35:37+00:00","twitter_card":"summary_large_image","twitter_site":"@RConfidenziale","twitter_misc":{"Tempo di lettura stimato":"5 minuti"},"schema":{"@context":"https:\/\/schema.org","@graph":[{"@type":"WebPage","@id":"https:\/\/www.rapportoconfidenziale.org\/?page_id=35327","url":"https:\/\/www.rapportoconfidenziale.org\/?page_id=35327","name":"Cookie policy","isPartOf":{"@id":"https:\/\/www.rapportoconfidenziale.org\/#website"},"datePublished":"2015-06-01T23:38:06+00:00","dateModified":"2018-05-25T09:35:37+00:00","breadcrumb":{"@id":"https:\/\/www.rapportoconfidenziale.org\/?page_id=35327#breadcrumb"},"inLanguage":"it-IT","potentialAction":[{"@type":"ReadAction","target":["https:\/\/www.rapportoconfidenziale.org\/?page_id=35327"]}]},{"@type":"BreadcrumbList","@id":"https:\/\/www.rapportoconfidenziale.org\/?page_id=35327#breadcrumb","itemListElement":[{"@type":"ListItem","position":1,"name":"Home","item":"https:\/\/www.rapportoconfidenziale.org\/"},{"@type":"ListItem","position":2,"name":"Cookie policy"}]},{"@type":"WebSite","@id":"https:\/\/www.rapportoconfidenziale.org\/#website","url":"https:\/\/www.rapportoconfidenziale.org\/","name":"Rapporto Confidenziale","description":"rivista digitale di cultura cinematografica | digital magazine about cinematic culture","publisher":{"@id":"https:\/\/www.rapportoconfidenziale.org\/#organization"},"potentialAction":[{"@type":"SearchAction","target":{"@type":"EntryPoint","urlTemplate":"https:\/\/www.rapportoconfidenziale.org\/?s={search_term_string}"},"query-input":{"@type":"PropertyValueSpecification","valueRequired":true,"valueName":"search_term_string"}}],"inLanguage":"it-IT"},{"@type":"Organization","@id":"https:\/\/www.rapportoconfidenziale.org\/#organization","name":"Rapporto Confidenziale","url":"https:\/\/www.rapportoconfidenziale.org\/","logo":{"@type":"ImageObject","inLanguage":"it-IT","@id":"https:\/\/www.rapportoconfidenziale.org\/#\/schema\/logo\/image\/","url":"https:\/\/www.rapportoconfidenziale.org\/wp-content\/uploads\/2017\/09\/RC_logo_1_nero.png","contentUrl":"https:\/\/www.rapportoconfidenziale.org\/wp-content\/uploads\/2017\/09\/RC_logo_1_nero.png","width":3508,"height":709,"caption":"Rapporto Confidenziale"},"image":{"@id":"https:\/\/www.rapportoconfidenziale.org\/#\/schema\/logo\/image\/"},"sameAs":["https:\/\/www.facebook.com\/rapportoconfidenziale","https:\/\/x.com\/RConfidenziale","https:\/\/www.instagram.com\/icdpavlov\/","https:\/\/www.youtube.com\/user\/RConfidenziale"]}]}},"jetpack_sharing_enabled":true,"_links":{"self":[{"href":"https:\/\/www.rapportoconfidenziale.org\/index.php?rest_route=\/wp\/v2\/pages\/35327","targetHints":{"allow":["GET"]}}],"collection":[{"href":"https:\/\/www.rapportoconfidenziale.org\/index.php?rest_route=\/wp\/v2\/pages"}],"about":[{"href":"https:\/\/www.rapportoconfidenziale.org\/index.php?rest_route=\/wp\/v2\/types\/page"}],"author":[{"embeddable":true,"href":"https:\/\/www.rapportoconfidenziale.org\/index.php?rest_route=\/wp\/v2\/users\/5"}],"replies":[{"embeddable":true,"href":"https:\/\/www.rapportoconfidenziale.org\/index.php?rest_route=%2Fwp%2Fv2%2Fcomments&post=35327"}],"version-history":[{"count":0,"href":"https:\/\/www.rapportoconfidenziale.org\/index.php?rest_route=\/wp\/v2\/pages\/35327\/revisions"}],"wp:attachment":[{"href":"https:\/\/www.rapportoconfidenziale.org\/index.php?rest_route=%2Fwp%2Fv2%2Fmedia&parent=35327"}],"curies":[{"name":"wp","href":"https:\/\/api.w.org\/{rel}","templated":true}]}}